t b(f) = -f - 5. Let j(v) = -v - 6. Suppose 8*z = 35 - 19. Let m(w) = z*j(w) - 3*b(w). Determine m(3).
6
Suppose -q - 12 = -5*q + 2*c, 4*c - 6 = 2*q. Let f(g) = -3 + 4 + 1 - g + q. Calculate f(7).
0
Let b(w) = w**3 - 20*w**2 + 21*w - 32. Let g be ((6 - 11) + -1)*(-38)/12. What is b(g)?
6
Let p(q) be the third derivative of -q**6/120 - q**5/60 - q**4/6 - 2*q**3/3 - 552*q**2. Give p(-2).
8
Let v be (-168)/16*(-6)/(-9). Let j(d) = 77*d**2 - 8*d - 6 - 137*d**2 + 66*d**2 - 2*d**3 + 3*d**3. Calculate j(v).
1
Let a(m) = m**2 - 2*m. Suppose 19 + 9 = 7*z. Give a(z).
8
Suppose 0*k + 10 = 2*k. Let x(j) = -4*j - 4. Let n(m) = 7*m + 7. Let v(q) = k*x(q) + 3*n(q). Suppose -2*z + 3*l = 12, 2*z + 2*z - 5*l + 22 = 0. Give v(z).
-2
Let g(c) = -c**3 + 4*c**2 + 6*c + 6. Let p(s) = s**2 - 5*s - 9. Let b be p(-2). What is g(b)?
11
Suppose -7*f + f - 90 = 0. Let c be 2 - 0 - (-15 - f). Suppose 3*b + c*w = -25, 2*w = b + 3*b + 10. Let m(h) = h + 2. What is m(b)?
-3
Let j(k) = k**3 - 2*k**2 - 14*k - 16. Let a(n) = -2*n**3 + 2*n**2 + 29*n + 33. Let c(b) = -4*a(b) - 9*j(b). Give c(11).
1
Let r(h) = -25*h + 11 + h**2 + 37*h - 15. Calculate r(-10).
-24
Let c = 0 + 0. Suppose 4*l + 8 = -c*l. Let q(j) = -15*j + 1 - 14*j + 0 - 2 + 25*j. Determine q(l).
7
Let f(a) be the third derivative of a**5/60 + a**4/24 + a**3/2 - 37*a**2 - 4*a. Give f(-2).
5
Let l be (24/9)/((-1)/3). Let k(i) be the second derivative of -i**3/6 - i**2 - 49*i - 2. What is k(l)?
6
Let x(m) = -6*m - 60. Suppose 53*z + 321 = -262. What is x(z)?
6
Let x(a) be the first derivative of 7*a**2 + 6*a - 4. Let b(p) = p. Let y(j) = 12*b(j) - x(j). What is y(6)?
-18
Let n(q) = -9*q**3 - q**2 + q - 1. Let k(x) = 21*x**2. Let w = 1 - 2. Let a be k(w). Suppose -v + 6*t = t - 21, -5*v + 4*t + a = 0. Give n(v).
-10
Let g(q) = 12*q**2 - 5193*q + 5193*q - 7*q**3 + 6. Let x(m) = 15*m**3 - 25*m**2 - m - 12. Let t(f) = 13*g(f) + 6*x(f). Give t(5).
1
Let t(j) be the third derivative of -j**5/60 - j**4/6 - 7*j**3/6 + 2*j**2 - j. Calculate t(-6).
-19
Let s = -4 - -6. Suppose -s*w - 5 + 13 = 0. Let r(i) = -w*i + 5*i + i - 6. Determine r(6).
6
Let z(f) be the third derivative of -f**7/2520 + f**6/72 - f**5/12 + 5*f**4/4 - 25*f**2. Let n(q) be the second derivative of z(q). What is n(7)?
11
Let m(i) be the second derivative of i**5/20 + 11*i**4/12 + 2*i**3 - 5*i**2/2 - 6*i - 58. What is m(-10)?
-25
Let g be 224/35 - (-16)/(-40). Let t(q) = 4*q - 15. Determine t(g).
9
Let q(g) be the second derivative of 34*g + 0 + 1/6*g**3 + 4*g**2. Calculate q(-4).
4
Let m be 4*(-3)/6 + -4. Let t(g) = 5*g**3 - 26*g**2 + 19*g - 23. Let n(y) = -3*y**3 + 17*y**2 - 12*y + 15. Let v(b) = -8*n(b) - 5*t(b). What is v(m)?
-11
Let k be 9/(-12) - (-11)/4. Suppose -k*h - 3 + 1 = 0. Let t(z) = -4*z**3 + z. Give t(h).
3
Let x(u) be the third derivative of -11/6*u**3 + 1/60*u**5 - 15*u**2 - 1 - 1/4*u**4 + 0*u. Suppose 2*m = -2*m + 32. Determine x(m).
5
Let i(p) = -p**2 - 9*p - 8. Suppose r + 3*r = 16. Let t(d) = d**3 - 2*d**2 - 3*d - 5. Let k be t(4). Suppose k + 13 = -r*g. Give i(g).
6
Let l(z) = -z**3 - 4*z**2 + 2*z + 6. Suppose 0*r + 8*r = -16. Let y be 3/(5/(-4) + r/(-4)). Determine l(y).
-2
Let o(f) = f**2 + 18*f - 3 + 0 - 5 - 15*f. What is o(4)?
20
Let t(s) = s**2 - 6*s + 1. Let f(m) = -15 + m**2 - 7*m + 17 + m**2. Let o(v) = -2*f(v) + 3*t(v). Suppose 0*k + 11 = -k - 2*r, 0 = -r - 4. Give o(k).
2
Let g(m) be the second derivative of m**3/3 + 5*m**2 - 36*m. Let h = -26 - -18. Give g(h).
-6
Let b(z) = -z**3 - 9*z**2 - 6*z + 10. Suppose -6*q = -23 - 19. Let y(j) = -j**2 + 7*j - 8. Let o be y(q). What is b(o)?
-6
Suppose 0 = -3*x - 1 + 4, -3*z - 3*x = 6. Let k(v) = -5*v**2 - 2*v - 7. Let c(y) = 2 - 10 - 6*y**2 - 2*y + 0. Let w(b) = 4*c(b) - 5*k(b). Determine w(z).
6
Let r(t) = 16*t**3 + t**2. Let n(k) = -k**3 - k**2 - 3*k + 110. Let a be n(0). Let d = a + -109. Give r(d).
17
Let y = -1 - -6. Let g(n) be the third derivative of n**6/120 - n**5/10 + n**4/8 + n**3/2 - 26*n**2. Calculate g(y).
-7
Let c(x) = 4 - x**2 - 1 - 5*x - 5*x**2 - 1 - x**3. Suppose 4*y - 42 = -2*n, -27 = -4*y + n - 0*n. Let b = 3 - y. What is c(b)?
2
Suppose -s + 17 = -5*b + 5, -5*b = -2*s + 9. Let d(v) be the first derivative of -v**2/2 - 4*v + 2. What is d(b)?
-1
Let k(h) = -h**2 + h + 1. Let c(r) = -2*r**3 - r**2 + 1. Let f be c(-1). Suppose -3*b + 2*b + f = 0. Suppose b*q = 5 + 1. Determine k(q).
-5
Let u(k) = -51*k**2 + k. Let l = -484 + 483. Give u(l).
-52
Let k(r) = 2*r - 27. Let h be k(8). Let l(y) = -8*y**2 + 3*y + 1. Let g(m) = 39*m**2 - 16*m - 6. Let f(v) = h*l(v) - 2*g(v). Determine f(1).
10
Let d(x) = -7*x - 2 - 7 + 2*x. Let t(a) = -14*a - 27. Let s(i) = -17*d(i) + 6*t(i). Let b(u) = u**3 + 35*u**2 + 70*u + 137. Let n be b(-33). Calculate s(n).
-4
Let z(p) = 7*p**2 + 16*p**3 + 6*p**3 + 7*p + 25 - 9*p**3. Let k(t) = 3*t**3 + 2*t**2 + 2*t + 6. Let r(c) = -9*k(c) + 2*z(c). What is r(-3)?
-1
Let b(t) = -t**2 + 14. Suppose -5*v + 76 = 4*g, -44 = -5*g + 3*v + 14. Suppose 0 = g*u - 6*u. What is b(u)?
14
Let y(l) = 26*l**2 - 16*l**2 - 11*l**2 + 3*l**3 - 2*l**3. Let f be 6 + -4 - (-2)/(-1). Give y(f).
0
Suppose -5*v = 3*c - 43, 3*c = -8 - 4. Let f(m) = -13*m - m**3 - 12 - 7*m - v*m + 32*m. Calculate f(0).
-12
Suppose -2*n + 5*l = 30, 3*n + 2*l = -7 - 0. Let c(o) = 1 - 4 - 1619*o**2 - 4*o + 1618*o**2. Give c(n).
-8
Let w(l) = 5*l**2 - 47*l - 24. Let r be w(10). Let x(i) = i**3 - 5*i**2 - 8*i + 11. Give x(r).
-1
Let a(y) be the first derivative of -7*y**2/2 - 33*y + 393. Determine a(-6).
9
Let m(j) = 7*j + 8. Let o(d) = -15*d - 31. Let f(y) = -3*y - 6. Let c(q) = -11*f(q) + 2*o(q). Let v(h) = 9*c(h) - 4*m(h). What is v(3)?
1
Let p(y) = y**2 - 15*y + 5. Let r be p(15). Let x(l) = -l**3 + 7*l**2 - 6*l - 3. Calculate x(r).
17
Let w(d) = -2*d**2 + d - 1. Let m(r) = -r**2 + 13*r + 12. Let q(b) = -m(b) + w(b). Determine q(-11).
-2
Let d(x) = -23*x. Let h be 3/(-4)*(29 + -41). Suppose 3*t = 3*z + 3, -z + h = -5*t - 3*z. Determine d(t).
23
Let n(j) = j**2 + j + 4. Let v be n(2). Let u(f) = -8*f - 4*f + v*f - 6. Give u(-5).
4
Let n(p) = -p**3 + 7*p**2 + 6. Let m(q) = -q**2 - 5*q + 4. Let w be m(-5). Suppose w*a - 12 - 76 = 0. Suppose -l = -3*l - 10, v - 3*l = a. What is n(v)?
6
Let r(q) be the third derivative of q**6/120 + q**5/20 - q**4/12 - q**3/3 - q**2 - 176. Calculate r(-3).
4
Let j(y) be the first derivative of -3/2*y**2 - 4*y - 1/3*y**3 + 9. Let g = -8 + 4. Determine j(g).
-8
Suppose h + 44 = 5*h. Let v = h + -13. Let d be v*(14/4 + -3). Let j(f) = -9*f + 1. What is j(d)?
10
Let z(i) = 7*i - 3. Suppose 11*q - 188 = -155. Calculate z(q).
18
Let i = -9 - -6. Let a(x) be the second derivative of -x**5/20 - x**4/4 - x**3/6 + 91*x. What is a(i)?
3
Let r be (-3)/4*((-130)/(-39) + -6). Let f(j) = 3*j - 2. Calculate f(r).
4
Let s = -14 - -15. Let j(v) = 0*v**3 + 0*v**3 + 6*v**2 + v**3 - 2 + 2*v. Let k(w) = -w**2 + 1. Let x(b) = s*j(b) + 3*k(b). Give x(-3).
-5
Let c = 52 + -29. Let l = 31 - c. Let a = 9 - l. Let q(n) = 9*n - 1. Give q(a).
8
Suppose 91*j = 90*j + 5. Let i(g) be the first derivative of -1 + g + 1/2*g**2. Give i(j).
6
Suppose 0 = -v - 5, k = 5*v + 24 - 7. Let g(i) = -6*i - 10. Let y(t) = 7*t + 11. Let p(w) = 6*g(w) + 5*y(w). Calculate p(k).
3
Let p = -65 - -60. Let i be ((p/(-3))/5)/((-1)/(-3)). Let o(c) = 2*c**2 - 2*c + 1. Give o(i).
1
Let o(u) = -u**3 - 8*u**2 - 8*u + 3. Let j = 443 - 449. Calculate o(j).
-21
Suppose -5*b + 5*l = 50, -b + 5*l + 36 = 54. Let w(p) = -p**3 - 8*p**2 - p - 4. Give w(b).
4
Let f(x) be the first derivative of -2*x**3/3 + x + 37. Suppose z - 1 + 4 = 0. Let i be (-24)/(-9) - (-2)/z. Calculate f(i).
-7
Let t(j) = 0*j + 18 + 2 - 4 + 2*j. Give t(-6).
4
Let w(y) = -5 - 2*y**2 - 107*y + 206*y - 96*y. What is w(4)?
-25
Suppose -69 = j - 66. Let d be 408/(-60) + ((-6)/(-10))/j. Let y(p) = -p**3 - 8*p**2 - 10*p - 9. Determine y(d).
12
Let d(t) = -t**3 + 9*t**2 - 7*t - 6. Let b be d(8). Let v(i) = 3*i - b*i**2 + i**2 - i + i. What is v(4)?
-4
Suppose 23 = 5*j - 7. Let t(z) = -3*z**2 + 7*z**2 + 4 + z**3 - j - 7*z**2 + 4*z. What is t(3)?
10
Let m(y) = -y. Let o(s) = -s - 2. Let v(d) = -2*m(d) - o(d). Determine v(-5).
-13
Suppose 0*w = -3*w - 3. Suppose 3*l - 2*l - 3*g = -5, -2*l + 4*g - 8 = 0. Let b = l + w. Let q(z) = -z**2 + 4. Determine q(b).
-5
Let a(y) = -7*y